t d(q) = 1906*q + 26702. Determine d(-14).
18
Let i(d) = d**3 - 3*d**2 + 62*d - 17. Calculate i(11).
1633
Let u(l) = -75*l**2 - 1000*l - 2009. Give u(-11).
-84
Let a(q) = 57*q**3 - 38*q**2 + 116*q - 7. Calculate a(3).
1538
Let g(a) = -3*a**3 + 391*a**2 - 6300*a - 15322. Determine g(111).
-4
Let h(w) = 4*w**3 + 483*w**2 + 2207*w + 367. What is h(-116)?
19
Let h(j) = -3*j**3 - 7*j**2 + 216*j + 2101. What is h(-9)?
1777
Let s(m) = -124*m**3 - 9*m**2 - 105*m + 375. Calculate s(3).
-3369
Let y(h) = -4663*h + 83935. Calculate y(18).
1
Let q(x) = -30262*x + 151155. Give q(5).
-155
Let j(v) = -9*v**2 + 68*v - 72. Calculate j(17).
-1517
Let b(w) = 109*w**2 - 1427*w + 213. What is b(13)?
83
Let a(v) = -730*v - 129975. Calculate a(-178).
-35
Let p(g) = 6167*g - 42838. Calculate p(7).
331
Let i(p) = p**3 + 18*p**2 + 7*p - 387. Give i(4).
-7
Let n(h) = 2106*h - 1961. Give n(3).
4357
Let r(v) = -5284*v - 274261. Determine r(-52).
507
Let i(r) = r**2 - 101*r + 90. What is i(96)?
-390
Let n(v) = -1224*v - 110162. What is n(-90)?
-2
Let s(l) = 16434*l - 1117516. Determine s(68).
-4
Let i(b) = -616*b - 570415. What is i(-926)?
1
Let g(a) = a**3 + 726*a**2 - 3004*a - 61319. Calculate g(-730).
1
Let v(p) = -153*p + 12533. Determine v(80).
293
Let u(c) = -10*c**3 - 470*c**2 - 335*c - 15732. Give u(-47).
13
Let y(o) = 2*o**3 - 50*o**2 + 38*o - 25. Determine y(23).
-1267
Let q(b) = -65833*b + 789897. Give q(12).
-99
Let f(g) = 108982*g + 326963. Determine f(-3).
17
Let g(y) = -24*y**3 + 10*y**2 - y - 19. Give g(3).
-580
Let m(u) = -2*u**3 - 12*u**2 + 149*u - 586. Determine m(6).
-556
Let p(b) = b**3 + 3*b**2 - 10*b + 36. Give p(4).
108
Let z(r) = -r**2 - 659*r + 13572. Calculate z(20).
-8
Let n(v) = 467*v + 17615. What is n(-39)?
-598
Let p(q) = 12051*q - 35657. Calculate p(3).
496
Let z(i) = -7*i**2 - 371*i - 677. What is z(-51)?
37
Let t(s) = -762*s + 5669. Calculate t(7).
335
Let d(w) = w**3 - 21*w**2 + 1863*w + 7841. Give d(-4).
-11
Let r(p) = 222*p**2 - 50*p - 96. What is r(-2)?
892
Let f(z) = -z**3 + 40*z**2 - 169*z + 2401. Calculate f(37).
255
Let q(c) = -4*c**2 + 1074*c - 1599. Calculate q(267).
3
Let k(n) = 3*n**3 - 5*n**2 + 45*n - 74. Calculate k(2).
20
Let r(z) = -522*z + 93388. What is r(178)?
472
Let m(j) = -15*j**2 + 2848*j - 2314. What is m(189)?
143
Let x(o) = -8049*o - 1199299. Determine x(-149).
2
Let s(k) = k**3 - 33*k**2 - 42*k + 711. Calculate s(35).
1691
Let u(j) = 209*j - 9583. Give u(46).
31
Let g(h) = -3*h**3 + 70*h**2 - 35*h + 258. What is g(23)?
-18
Let v(l) = -l**2 - 264*l + 20636. Give v(62).
424
Let d(a) = 5159*a - 20663. Give d(4).
-27
Let z(p) = p**3 + 386*p**2 - 23758*p - 99. What is z(54)?
9
Let g(z) = z**3 + 50*z**2 + 283*z + 2841. Calculate g(-45).
231
Let u(j) = 4*j**3 - 252*j**2 + 20*j - 1196. Determine u(63).
64
Let p(q) = 21*q**2 + 5040*q - 31009. What is p(6)?
-13
Let y(i) = -8*i**3 - 121*i**2 - 66*i - 462. Determine y(-15).
303
Let d(n) = 3082*n + 64726. Give d(-21).
4
Let w(i) = 27288*i + 6057931. What is w(-222)?
-5
Let q(r) = 930*r**2 - 2281*r - 3. Determine q(2).
-845
Let j(t) = -t**2 + 59*t - 715. Give j(0).
-715
Let u(x) = -x**3 + 19*x**2 + 40*x - 218. Give u(16).
1190
Let k(t) = 9238*t - 323317. Calculate k(35).
13
Let s(m) = m**3 - 28*m**2 - 71*m + 46. Determine s(31).
728
Let k(v) = 2*v**2 + 291*v + 2077. Calculate k(0).
2077
Let g(b) = -680*b - 34506. Calculate g(-50).
-506
Let x(s) = -s**3 + 44*s**2 + 727*s - 28804. Determine x(46).
406
Let w(a) = 3782*a - 34779. Determine w(9).
-741
Let w(h) = -2*h**3 + 5632*h**2 - 11271*h + 8. What is w(2)?
-22
Let r(d) = d**3 + 1226*d**2 + 3618*d - 150. Calculate r(-3).
3
Let f(j) = 6*j**2 + 35*j - 304. Calculate f(-12).
140
Let b(p) = -p**2 + 4074*p - 60811. Calculate b(15).
74
Let o(z) = z**2 + 865*z + 165600. Determine o(-579).
6
Let r(h) = -8141*h + 65108. Determine r(8).
-20
Let u(m) = 15360*m - 798714. What is u(52)?
6
Let w(d) = 2*d**3 - 3*d**2 - 1813*d - 3617. What is w(-2)?
-19
Let l(x) = 214*x**3 - 63*x**2 - 41*x + 41. Give l(1).
151
Let a(t) = t**2 + 622*t + 38889. What is a(-70)?
249
Let j(s) = -s**2 - 1022*s - 145149. Give j(-170).
-309
Let h(v) = 1788*v - 107296. What is h(60)?
-16
Let h(d) = 8*d**2 - 3007*d - 9020. Calculate h(-3).
73
Let x(z) = 2359*z + 32078. Calculate x(-14).
-948
Let z(p) = 2*p**3 + 25*p**2 - 135*p - 290. Give z(-16).
78
Let g(p) = 4*p**3 + 25*p**2 + 33*p - 932. Determine g(-10).
-2762
Let o(c) = 3*c**3 - 24*c**2 - 13*c - 117. Determine o(9).
9
Let z(f) = -2*f**2 - 4058*f - 36506. What is z(-9)?
-146
Let o(i) = -11571*i + 58455. Calculate o(5).
600
Let i(c) = -15*c**2 + 5417*c - 52653. Determine i(10).
17
Let u(g) = g**2 - 893*g - 50167. Determine u(-53).
-29
Let y(t) = -10*t**3 - 205*t**2 - 111*t - 25. Determine y(-20).
195
Let h(a) = -2554*a + 2561. Calculate h(1).
7
Let l(w) = -10*w**2 + 1267*w + 34. Determine l(126).
916
Let k(o) = -2*o**2 + 3*o - 34. Determine k(-8).
-186
Let j(b) = 9*b**2 - 1583*b + 68694. What is j(98)?
-4
Let o(y) = -166*y**3 + 1504*y**2 + 3*y + 23. Give o(9).
860
Let j(z) = -z**2 - 9*z + 5975. Give j(-79).
445
Let x(f) = -1726*f - 24086. Calculate x(-14).
78
Let a(b) = -4998*b - 594783. Give a(-119).
-21
Let p(c) = -21635*c + 4089024. What is p(189)?
9
Let m(y) = y**2 - 100049*y + 35192688. Give m(353).
0
Let d(q) = 3396*q + 18545. Give d(-6).
-1831
Let c(k) = 36*k + 4268. What is c(-188)?
-2500
Let u(i) = 4385*i - 35003. Determine u(8).
77
Let x(o) = o**3 - 75*o**2 - 245*o + 6553. Calculate x(77).
-454
Let u(z) = 11*z**3 - 65*z**2 - 616*z + 3731. Give u(7).
7
Let i(h) = 121*h**2 - 63*h + 67. What is i(1)?
125
Let l(d) = -d**3 + 10*d**2 + 116*d - 1192. Give l(12).
-88
Let h(i) = i**3 + 28*i**2 - 1260*i - 627. Calculate h(-52).
-3
Let h(d) = -d**2 + 3765*d + 75497. Give h(-20).
-203
Let b(w) = w**2 - 185*w + 8247. Determine b(74).
33
Let i(y) = 3*y**3 - 292*y**2 - 196*y + 29. Calculate i(98).
29
Let s(c) = 134602*c - 15613827. Calculate s(116).
5
Let l(s) = -s**3 + 76*s**2 + 1319*s - 2468. What is l(-16)?
-20
Let b(s) = 18404*s - 7840126. What is b(426)?
-22
Let k(z) = 34*z**2 - 393*z + 786. Calculate k(2).
136
Let h(t) = -35*t + 80. Determine h(19).
-585
Let h(w) = 66*w + 2265. What is h(-2)?
2133
Let s(n) = 5*n**3 - 103*n**2 + 836*n - 15958. Give s(20).
-438
Let y(i) = i**3 - 176*i**2 + 3047*i - 10036. Determine y(157).
12
Let a(d) = d**3 + 473*d**2 + 2221*d - 55647. Give a(-468).
45
Let y(t) = -112*t**2 - 48*t - 91. What is y(-2)?
-443
Let k(i) = 651*i**2 - 70314*i + 626. What is k(108)?
-22
Let k(g) = -17*g**3 + 57*g**2 + 145*g - 43. Give k(-3).
494
Let l(c) = 522*c**2 - 33407*c - 153. Determine l(64).
-89
Let n(w) = -101*w**2 - 1284*w + 321. Calculate n(-13).
-56
Let z(n) = -234*n**3 + 52412*n**2 + 895*n + 234. Determine z(224).
10
Let s(l) = -1520*l - 157028. Determine s(-103).
-468
Let d(r) = -r**2 + 465*r + 11846. Determine d(-24).
110
Let d(c) = -c**3 - c**2 - 455*c + 2284. Give d(5).
-141
Let i(w) = -w**3 - 192*w**2 - 20*w - 1052. Give i(-192).
2788
Let m(i) = -9915*i - 79369. What is m(-8)?
-49
Let f(i) = i**3 - 127*i**2 - 356*i + 12641. Determine f(129).
-1
Let v(h) = -2*h**3 - 226*h**2 + 10719*h - 1406. Give v(-149).
-65
Let j(x) = 51837*x - 155540. Determine j(3).
-29
Let g(k) = -28345*k**2 + 1133801*k - 50. Give g(40).
-10
Let q(b) = 36616*b + 8970921. Determine q(-245).
1
Let m(t) = -3*t**2 + 152*t - 1689. What is m(10)?
-469
Let d(o) = -38*o**2 + 1679*o - 1881. Give d(43).
54
Let l(k) = -6*k**3 + 194*k**2 - 176*k + 10162. Give l(33).
-2
Let o(z) = 133*z - 3858. Give o(34).
664
Let n(u) = -4*u**2 - 2746*u - 16377. What is n(-6)?
-45
Let i(h) = -4*h**3 + 30*h**2 - 38*h + 205. Calculate i(8).
-227
Let n(m) = -509*m - 2799. Determine n(-5).
-254
Let c(o) = o**2 + 18034*o + 234365. Give c(-13).
92
Let k(d) = 27316*d + 355078. Determine k(-13).
-30
Let l(b) = 3*b**3 + 88*b**2 + 67*b - 19. Determine l(-28).
1241
Let a(c) = 76*c**3 - 2638*c**2 + 1834*c + 89. What is a(34)?
21
Let l(w) = 1473*w + 59048. What is l(-40)?
128
Let d(i) = i**3 - 324*i**2 + 19683*i + 5. What is d(81)?
5
Let b(o) = o**3 - 9*o**2 + 353*o - 1441. Give b(0).
-1441
Let k(l) = -l**2 + 3*l - 220. What is k(34)?
-1274
Let k(m) = -453*m - 33574. Give k(-74).
-52
Let x(b) = -6*b**2 - 366*b + 7849. Determine x(20).
-1871
Let g(i) = i**2 +